8638 a multiple of 74?
False
Does 2330 divide 46227200?
True
Does 3 divide 60079194?
True
Is 234 a factor of 94509558?
True
Is 490440954 a multiple of 5308?
False
Is 1472 a factor of 235318342?
False
Is 240 a factor of 54978163?
False
Does 695 divide 1905134506?
False
Does 11 divide 1520280384?
False
Does 58 divide 501325079?
False
Does 23 divide 20208421?
True
Is 212 a factor of 30836670?
False
Does 259 divide 3504788?
True
Is 7 a factor of 668903949?
True
Does 371 divide 54870414?
False
Does 1260 divide 66751020?
True
Does 10 divide 82409?
False
Is 1638417972 a multiple of 4057?
False
Is 487 a factor of 725844767?
True
Does 2721 divide 5442495222?
True
Does 48 divide 107064672?
True
Does 1140 divide 2349376815?
False
Is 119113546 a multiple of 27?
False
Is 18 a factor of 17441356?
False
Is 11022141 a multiple of 409?
True
Is 48964210 a multiple of 815?
False
Is 41 a factor of 477913196?
False
Does 211 divide 58542881?
False
Does 24 divide 124052232?
True
Is 48 a factor of 485721459?
False
Is 52888590 a multiple of 57?
True
Does 315 divide 5283810?
True
Is 3559 a factor of 525198071?
True
Does 4 divide 962837?
False
Is 27760897 a multiple of 3?
False
Does 129 divide 18522594?
True
Is 414 a factor of 49889014?
False
Is 74 a factor of 40170382?
True
Does 3970 divide 940142075?
False
Does 252 divide 426596436?
True
Does 278 divide 149666944?
False
Is 145812864 a multiple of 112?
False
Is 79 a factor of 2023373438?
True
Is 307463990 a multiple of 4?
False
Is 525 a factor of 2983411?
False
Is 20 a factor of 12823005?
False
Is 32165379 a multiple of 29?
True
Is 4 a factor of 3639366?
False
Is 100151199 a multiple of 81?
False
Does 10 divide 59915121?
False
Is 460 a factor of 60206883?
False
Does 192 divide 5789103?
False
Does 98 divide 212892064?
True
Is 13278409 a multiple of 153?
False
Is 426 a factor of 14460365?
False
Is 145334553 a multiple of 91?
True
Is 71 a factor of 348780187?
True
Is 9 a factor of 13532267?
False
Is 1249300169 a multiple of 354?
False
Is 725963567 a multiple of 4067?
True
Is 20 a factor of 7880944?
False
Does 871 divide 10717852?
False
Is 102579840 a multiple of 62?
False
Is 169261120 a multiple of 1148?
True
Is 979804401 a multiple of 51?
True
Does 5 divide 56819291?
False
Is 211 a factor of 589995758?
False
Is 561 a factor of 2517982531?
False
Does 6 divide 21942186?
True
Is 55792576 a multiple of 196?
True
Is 33 a factor of 105938844?
True
Is 744255824 a multiple of 17?
False
Does 8017 divide 1105568861?
False
Is 865525452 a multiple of 11?
True
Does 291 divide 2339855009?
False
Does 193 divide 1238111212?
True
Is 2746 a factor of 87695675?
False
Is 27 a factor of 3955862?
False
Is 13768033 a multiple of 89?
True
Does 211 divide 64240990?
False
Is 98394465 a multiple of 1191?
True
Does 1988 divide 634195626?
False
Is 34772125 a multiple of 25?
True
Is 55718784 a multiple of 2112?
True
Is 473 a factor of 4089620176?
False
Is 1007 a factor of 2404128857?
False
Is 775 a factor of 328238479?
False
Is 237360230 a multiple of 146?
True
Is 242 a factor of 2746889002?
True
Is 16305344 a multiple of 88?
True
Is 39289268 a multiple of 218?
True
Is 13399662 a multiple of 138?
True
Is 759262420 a multiple of 133?
True
Is 1346 a factor of 42627590?
False
Is 155341037 a multiple of 3643?
False
Does 290 divide 847743543?
False
Is 11480616 a multiple of 189?
True
Does 23 divide 29991448?
True
Is 12 a factor of 1816249728?
True
Does 28 divide 834060416?
True
Does 311 divide 53320592?
False
Is 13183548 a multiple of 991?
False
Is 18 a factor of 9226008?
True
Does 2465 divide 877865380?
True
Is 29 a factor of 3749899978?
False
Does 107 divide 1412158031?
False
Does 33 divide 18909392?
False
Does 210 divide 46094020?
False
Is 1242114704 a multiple of 16?
True
Does 68 divide 69418276?
True
Does 1458 divide 710553384?
True
Is 219 a factor of 48357390?
True
Is 1459451113 a multiple of 1769?
False
Is 32 a factor of 22621824?
True
Is 6254541 a multiple of 599?
False
Does 41 divide 43887056?
True
Is 211 a factor of 14119901?
False
Does 983 divide 307012526?
True
Does 484 divide 468430688?
True
Does 12 divide 553431360?
True
Is 1206603656 a multiple of 8?
True
Does 43 divide 244232991?
True
Is 63217800 a multiple of 276?
True
Is 3 a factor of 15503263?
False
Is 527870880 a multiple of 288?
True
Is 47 a factor of 3875506260?
True
Is 1458942550 a multiple of 494?
True
Is 103960540 a multiple of 266?
False
Is 710266 a multiple of 115?
False
Is 1830 a factor of 910055186?
False
Does 3061 divide 34281370?
False
Does 22 divide 25853344?
True
Does 258 divide 110353308?
True
Is 85653812 even?
True
Is 25 a factor of 65268125?
True
Is 43134 a multiple of 14?
True
Does 274 divide 23519151?
False
Is 2424088 a multiple of 603?
False
Does 43 divide 22060059?
False
Is 70968791 a multiple of 10?
False
Is 42 a factor of 23187537?
False
Is 15800310 a multiple of 102?
True
Is 467538 a multiple of 174?
True
Does 8 divide 9441577?
False
Is 2512 a factor of 128297888?
True
Is 1540 a factor of 96268895?
False
Is 4399190 a multiple of 3?
False
Is 43350589 a multiple of 61?
False
Is 286 a factor of 288743884?
True
Is 16121207 a multiple of 459?
False
Is 11 a factor of 13627415?
False
Is 4365 a factor of 335406600?
True
Does 125 divide 170751875?
True
Is 717 a factor of 1009949093?
False
Is 196741710 a multiple of 162?
True
Is 4742 a factor of 675740513?
False
Is 37 a factor of 3753206?
True
Is 3541512 a multiple of 24?
True
Is 27572852 a multiple of 16?
False
Does 10 divide 2698227580?
True
Does 15 divide 2483235?
True
Is 20050030 a multiple of 1001?
True
Is 3 a factor of 31083247?
False
Is 1176442330 a multiple of 85?
True
Does 2080 divide 299973432?
False
Is 194 a factor of 2068530993?
False
Is 991 a factor of 852287748?
True
Does 153 divide 539616601?
False
Is 169 a factor of 24308554?
False
Does 130 divide 1133485718?
False
Is 1197177290 a multiple of 6?
False
Is 330837313 a multiple of 23?
True
Is 641 a factor of 43028167?
False
Is 35771082 a multiple of 1614?
True
Does 4259 divide 595273674?
False
Is 157906710 a multiple of 3757?
True
Is 1144496304 a multiple of 19?
False
Is 1033 a factor of 456720167?
False
Is 150 a factor of 2035650?
True
Does 1880 divide 3663928240?
True
Is 3 a factor of 13658900?
False
Is 1382974661 a multiple of 2279?
False
Is 728 a factor of 452625992?
True
Is 564 a factor of 82345692?
True
Is 3052497 a multiple of 959?
True
Is 46699433 a multiple of 1216?
False
Is 148 a factor of 4620116?
True
Is 61 a factor of 239968632?
True
Does 293 divide 17026727?
False
Is 14134158 a multiple of 531?
True
Is 385630962 a multiple of 687?
True
Does 999 divide 37418544?
True
Does 526 divide 70073720?
True
Does 67 divide 290532749?
False
Does 854 divide 73479868?
True
Does 15 divide 216611765?
False
Is 16111772 a multiple of 36?
False
Is 18400752 a multiple of 15?
False
Does 12 divide 4358318207?
False
Does 967 divide 547835477?
True
Is 2290462 a multiple of 4?
False
Is 1481493302 a multiple of 1282?
True
Is 518377494 a multiple of 2778?
False
Does 273 divide 878958717?
True
Is 133 a factor of 1173752901?
False
Is 49 a factor of 683106402?
False
Is 638 a factor of 308111418?
False
Does 709 divide 88734895?
True
Is 1679786051 a multiple of 10?
False
Is 158475285 a multiple of 2?
False
Is 26257354 a multiple of 29?
True
Does 1643 divide 532028045?
True
Is 93 a factor of 1368360987?
True
Is 13 a factor of 30253869?
False
Is 170120080 a multiple of 370?
True
Is 937 a factor of 37600873?
True
Does 294 divide 68011020?
True
Is 6 a factor of 838418436?
True
Is 29 a factor of 3916015?
True
Does 707 divide 116968360?
False
Does 75 divide 857439?
False
Does 746 divide 61378011?
False
Is 1425010170 a multiple of 5?
True
Does 23 divide 153673915?
False
Is 240 a factor of 46264800?
True
Is 654 a factor of 177851697?
False
Is 5051 a factor of 1605889685?
True
Does 1390 divide 171701140?
True
Does 149 divide 390058458?
True
Is 24 a factor of 18805343?
False
Is 8 a factor of 114650?
False
Is 10 a factor of 280659427?
False
Does 736 divide 503036850?
False
Is 9 a factor of 713649318?
False
Does 36 divide 136635341?
False
Is 38 a factor of 299486398?
True
Does 155 divide 116870000?
True
Is 10258299 a multiple of 3?
True
Is 1267 a factor of 457336588?
False
Is 678 a fac